4342?
4
What is the tens digit of 464337?
3
What is the thousands digit of 226441?
6
What is the units digit of 29927?
7
What is the ten thousands digit of 1187590?
8
What is the thousands digit of 1750842?
0
What is the ten thousands digit of 4349720?
4
What is the hundred thousands digit of 343648?
3
What is the thousands digit of 62836?
2
What is the hundred thousands digit of 23137888?
1
What is the hundreds digit of 585582?
5
What is the units digit of 534792?
2
What is the ten millions digit of 27497243?
2
What is the hundred thousands digit of 530015?
5
What is the ten thousands digit of 491975?
9
What is the hundreds digit of 27082365?
3
What is the hundred thousands digit of 886176?
8
What is the units digit of 2803615?
5
What is the hundreds digit of 172866?
8
What is the ten thousands digit of 2240007?
4
What is the thousands digit of 253330?
3
What is the ten millions digit of 11603841?
1
What is the ten thousands digit of 431016?
3
What is the tens digit of 9677912?
1
What is the hundred thousands digit of 306218?
3
What is the tens digit of 926044?
4
What is the hundreds digit of 744416?
4
What is the ten thousands digit of 278537?
7
What is the tens digit of 67438?
3
What is the tens digit of 5009541?
4
What is the hundreds digit of 4907541?
5
What is the units digit of 1079014?
4
What is the units digit of 325291?
1
What is the ten thousands digit of 124468?
2
What is the thousands digit of 79987?
9
What is the units digit of 7846248?
8
What is the units digit of 9543858?
8
What is the thousands digit of 701338?
1
What is the millions digit of 4217024?
4
What is the millions digit of 4302734?
4
What is the ten thousands digit of 16678095?
7
What is the ten thousands digit of 738209?
3
What is the hundreds digit of 325749?
7
What is the hundreds digit of 39308?
3
What is the units digit of 266318?
8
What is the ten thousands digit of 46797?
4
What is the tens digit of 2745747?
4
What is the millions digit of 1187358?
1
What is the thousands digit of 528988?
8
What is the units digit of 28178942?
2
What is the hundreds digit of 20575092?
0
What is the ten thousands digit of 480901?
8
What is the millions digit of 15563795?
5
What is the ten thousands digit of 4365985?
6
What is the ten thousands digit of 947931?
4
What is the tens digit of 37803595?
9
What is the tens digit of 6723728?
2
What is the hundreds digit of 21435892?
8
What is the ten thousands digit of 120375?
2
What is the hundred thousands digit of 21796845?
7
What is the tens digit of 10569?
6
What is the thousands digit of 175576?
5
What is the ten thousands digit of 450515?
5
What is the millions digit of 3817709?
3
What is the thousands digit of 217168?
7
What is the thousands digit of 559334?
9
What is the ten millions digit of 30226942?
3
What is the hundred thousands digit of 1347341?
3
What is the tens digit of 499548?
4
What is the hundred thousands digit of 312482?
3
What is the millions digit of 7198417?
7
What is the ten thousands digit of 1301359?
0
What is the millions digit of 3451429?
3
What is the hundreds digit of 2010307?
3
What is the hundred thousands digit of 515761?
5
What is the millions digit of 25147190?
5
What is the units digit of 185316?
6
What is the units digit of 667854?
4
What is the units digit of 634131?
1
What is the thousands digit of 2103793?
3
What is the hundred thousands digit of 557512?
5
What is the hundreds digit of 114288?
2
What is the hundreds digit of 187025?
0
What is the units digit of 95658?
8
What is the tens digit of 2169244?
4
What is the ten thousands digit of 1041027?
4
What is the ten thousands digit of 2445565?
4
What is the hundreds digit of 70087?
0
What is the ten millions digit of 19504240?
1
What is the hundred thousands digit of 502071?
5
What is the hundred thousands digit of 658126?
6
What is the thousands digit of 1808182?
8
What is the millions digit of 5753871?
5
What is the hundred thousands digit of 5742075?
7
What is the tens digit of 242824?
2
What is the units digit of 2605054?
4
What is the hundred thousands digit of 13515476?
5
What is the millions digit of 6758157?
6
What is the tens digit of 4654430?
3
What is the ten thousands digit of 194187?
9
What is the hundred thousands digit of 19815086?
8
What is the units digit of 1997318?
8
What is the tens digit of 388850?
5
What is the thousands digit of 71914?
1
What is the thousands digit of 1138034?
8
What is the millions digit of 1268030?
1
What is the ten thousands digit of 111581?
1
What is the units digit of 871918?
8
What is the units digit of 490623?
3
What is the hundreds digit of 3610571?
5
What is the hundred thousands digit of 13809540?
8
What is the thousands digit of 714344?
4
What is the hundred thousands digit of 761611?
7
What is the tens digit of 9352?
5
What is the thousands digit of 1645535?
5
What is the tens digit of 237796?
9
What is the hundreds digit of 14886?
8
What is the tens digit of 461897?
9
What is the millions digit of 4033877?
4
What is the hundred thousands digit of 221523?
2
What is the thousands digit of 3132369?
2
What is the tens digit of 541953?
5
What is the hundreds digit of 536289?
2
What is the thousands digit of 23212492?
2
What is the ten thousands digit of 166914?
6
What is the ten thousands digit of 1827239?
2
What is the hundreds digit of 290216?
2
What is the thousands digit of 35798?
5
What is the ten thousands digit of 142168?
4
What is the hundreds digit of 10614?
6
What is the hundreds digit of 172991?
9
What is the thousands digit of 2083761?
3
What is the hundred thousands digit of 414483?
4
What is the tens digit of 11082922?
2
What is the millions digit of 5134160?
5
What is the hundred thousands digit of 406844?
4
What is the units digit of 642248?
8
What is the hundreds digit of 1625055?
0
What is the thousands digit of 7724023?
4
What is the hundreds digit of 7576?
5
What is the units digit of 1070837?
7
What is the hundred thousands digit of 14317694?
3
What is the hundred thousands digit of 280066?
2
What is the thousands digit of 588270?
8
What is the millions digit of 1210575?
1
What is the tens digit of 782493?
9
What is the thousands digit of 571812?
1
What is the millions digit of 18493311?
8
What is the ten thousands digit of 281575?
8
What is the thousands digit of 1158601?
8
What is the hundreds digit of 167276?
2
What is the units digit of 384899?
9
What is the hundred thousands digit of 3692396?
6
What is the thousands digit of 1312900?
2
What is the ten millions digit of 11295834?
1
What is the units digit of 21215644?
4
What is the ten thousands digit of 1492609?
9
What is the hundreds digit of 30616?
6
What is the hundreds digit of 4111562?
5
What is the units digit of 281570?
0
What is the units digit of 406755?
5
What is the millions digit of 1397099?
1
What is the ten thousands digit of 63506?
6
What is the hundreds digit of 912593?
5
What is the hundred thousands digit of 985077?
9
What is the units digit of 465775?
5
What is the thousands digit of 1204855?
4
What is the hundred thousands digit of 404522?
4
What is the units digit of 54506?
6
What is the ten thousands digit of 29088042?
8
What is the units digit of 11985263?
3
What is the tens digit of 1235367?
6
What is the hundred thousands digit of 632720?
6
What is the millions digit of 2260652?
2
What is the hundred thousands digit of 7899805?
8
What is the thousands digit of 333268?
3
What is the thousands digit of 291644?
1
What is the ten thousands digit of 238861?
3
What is the thousands digit of 504337?
4
What is the ten thousands digit of 81455?
8
What is the hundreds digit of 2378302?
3
What is the hundreds digit of 7912827?
8
What is the thousands digit of 5242920?
2
What is the ten thousands digit of 1402272?
0
What is the thousands digit of 940569?
0
What is the ten thousands digit of 307095?
0
What is the thousands digit of 4554847?
4
What is the thousands digit of 766833?
6
What is the tens digit of 1212924?
2
What is the hundreds digit of 42444?
4
What is the hundreds digit of 7833669?
6
What is the thousands digit of 7010582?
0
What is the units digit of 12413?
3
What is the hundreds digit of 1074?
0
What is the hundred thousands digit of 1151890?
1
What is the hundred thousands digit of 3826